{"id":11466,"date":"2023-02-15T13:38:15","date_gmt":"2023-02-15T10:38:15","guid":{"rendered":"https:\/\/irmak.k12.tr\/primary\/?page_id=11466"},"modified":"2023-03-08T09:23:07","modified_gmt":"2023-03-08T06:23:07","slug":"kutuphane","status":"publish","type":"page","link":"https:\/\/irmak.k12.tr\/primary\/kutuphane\/","title":{"rendered":"K\u00fct\u00fcphane"},"content":{"rendered":"<div class=\"wpb-content-wrapper\"><p>[vc_row][vc_column][vc_column_text]<\/p>\n<div class=\"text-left\">\n<div class=\"text-justify\">\n<p><strong>Hedeflerimiz :<\/strong><\/p>\n<p>\u2022 \u00d6\u011frencilerimizin bilgi okuryazar\u0131 yetkinli\u011fiyle, \u00f6\u011frendiklerini hayat\u0131n her a\u015famas\u0131nda kullanmas\u0131, yorumlamas\u0131 ve bu yetilerini kullanarak kendini yenilemesi, bildiklerini ve \u00f6\u011frendiklerini \u00e7a\u011f\u0131na kar\u015f\u0131 sorumlu davranarak payla\u015fmas\u0131 ve \u00f6rnek bireyler olmas\u0131n\u0131 sa\u011flamak,<br \/>\n\u2022 Anaokulundan d\u00f6rd\u00fcnc\u00fc s\u0131n\u0131fa kadar k\u00fct\u00fcphane rehberli\u011fi dersinin haftada bir saat yap\u0131larak \u00f6\u011frencilerimizin akademik ve k\u00fclt\u00fcrel geli\u015fimine katk\u0131da bulunmak,<br \/>\n\u2022 K\u00fct\u00fcphane rehberli\u011fi dersini belirli bir plan \u00e7er\u00e7evesinde yaparak (IBO) \u0130lk Y\u0131llar Program\u0131nda bulunan \u00fcniteleri desteklemek, profil, tutum ve becerileri kazand\u0131r\u0131lmas\u0131nda katk\u0131 sa\u011flamak,<br \/>\n\u2022 Yazar-Kitap-Okur \u00fc\u00e7geninde etkinlikler d\u00fczenlemek, sosyal sorumluluk projelerine destek vermek, \u00f6\u011frencilerimize okuma ve kitap sevgisi, k\u00fclt\u00fcr\u00fc kazand\u0131rabilmek,<\/p>\n<p><strong>Etkinliklerimiz<\/strong><\/p>\n<p>\u2022 Yazar-Kitap-Okur bulu\u015fmalar\u0131,<br \/>\n\u2022 Kitap G\u00fcnleri,<br \/>\n\u2022 D\u00fcnya \u00c7ocuk Kitaplar\u0131 Haftas\u0131\/Pafin Gezici K\u00fct\u00fcphane<br \/>\n\u2022 B\u00fcy\u00fckler K\u00fc\u00e7\u00fcklere Okuyor<br \/>\n\u2022 Aileler Farkl\u0131 Dillerde Kitap Okuyor<br \/>\n\u2022 Misafir Anaokullar\u0131 K\u00fct\u00fcphane Ziyareti\/Etkinli\u011fi<br \/>\nK\u00fct\u00fcphanemiz ilk, ortaokul ve liselere y\u00f6nelik y\u00fczbinlerce makale, resim, video, animasyon, online dersler, \u00e7al\u0131\u015fma rehberi (al\u0131\u015ft\u0131rma ka\u011f\u0131tlar\u0131, quizler), e\u011fitsel oyunlar, e-kitaplar, \u00f6\u011fretmen kaynaklar\u0131 ve ders planlar\u0131 i\u00e7eren Britannica School veri taban\u0131na \u00fcyedir.\u00a0<strong>http:\/\/school.eb.co.uk\/storeschoolcard?id=irmakschools<\/strong>\u00a0adresinden yay\u0131mlanan Britannica School veri taban\u0131ndan yararlanmak isteyenler kullan\u0131c\u0131 ad\u0131 i\u00e7in\u00a0<strong>\u00d6zg\u00fcr \u00c7oban ve Erkan Nurcan<\/strong>\u2019dan bilgi alabilirler.<\/p>\n<p><strong>Bilgi Okuryazarl\u0131\u011f\u0131<\/strong><\/p>\n<p>\u00d6zellikle bas\u0131l\u0131 ve elektronik kaynaklar\u0131n artmas\u0131, k\u00fcreselle\u015fme ile bilgiyi kullanma ve elde etme, do\u011fru ve yanl\u0131\u015f bilgiyi ay\u0131rt etmenin \u00f6nemi, aran\u0131lan bilgiye ula\u015fma y\u00f6ntemleri ve iste\u011fi bilgi okuryazarl\u0131\u011f\u0131 kavram\u0131n\u0131n ortaya \u00e7\u0131kmas\u0131na neden olmu\u015ftur. Bilgi okuryazar\u0131 olan bireyler ihtiya\u00e7 hissetti\u011fi bilginin fark\u0131na var\u0131r ve tan\u0131mlar, bilginin bulundu\u011fu kaynaklara eri\u015fim y\u00f6ntemlerini bilir, belirler ve ula\u015f\u0131r, elde etti\u011fi bilgileri kendi bilgisiyle kar\u015f\u0131la\u015ft\u0131r\u0131r, de\u011ferlendirir, d\u00fczenler, etkili bi\u00e7imde kullan\u0131r ve uygulamalarla \u00e7evresine iletir, yorumlayarak yeni \u00fcretimlerde kullan\u0131r.<br \/>\nK\u00fct\u00fcphane ve Bilgi y\u00f6netimi olarak \u00f6\u011frencilerimizle payla\u015f\u0131mda bulundu\u011fumuz K\u00fct\u00fcphane Rehberli\u011fi \u00e7al\u0131\u015fmalar\u0131m\u0131zla her s\u0131n\u0131f d\u00fczeyinde farkl\u0131 uygulamalar ger\u00e7ekle\u015ftiriyor, kavramlar\u0131 i\u015fleyerek onlar\u0131n birer bilgi okuryazar\u0131 olmas\u0131n\u0131 sa\u011fl\u0131yor, PYP \u00fcnite konular\u0131na entegre olarak, \u00f6\u011frencilerimizin e\u011fitimini destekliyoruz.<\/p>\n<p><strong>Karde\u015f K\u00fct\u00fcphaneler<\/strong><br \/>\nK\u00fct\u00fcphanemiz siz de\u011ferli veli ve \u00f6\u011frencilerimizin sa\u011flad\u0131\u011f\u0131 katk\u0131larla her ge\u00e7en g\u00fcn zenginle\u015fmektedir. Bizde gereksinim duyanlara sizlerden gelip elimizde fazla olanlar\u0131 di\u011fer k\u00fct\u00fcphaneleri desteklemek i\u00e7in kullan\u0131yoruz.<br \/>\nBu projenin ismini de \u201cKarde\u015f K\u00fct\u00fcphaneler\u201d olarak belirledik. Sizlerin de\u011ferli katk\u0131lar\u0131 ile bug\u00fcne kadar yakla\u015f\u0131k 3500 yay\u0131n\u0131n da\u011f\u0131t\u0131m\u0131n\u0131 a\u015fa\u011f\u0131da s\u0131ralanan kurulu\u015flara ger\u00e7ekle\u015ftirdik. Katk\u0131 sa\u011flama \u00e7al\u0131\u015fmalar\u0131m\u0131z sizlerin destekleri ile devam etmektedir.<\/p>\n<p>\u2022 29 Ekim \u0130lk\u00f6\u011fretim Okulu<br \/>\n\u2022 A\u011f\u0131rnas Osman Y\u00fccel \u0130lk\u00f6\u011fretim Okulu Kayseri<br \/>\n\u2022 Ahmet Korkmaz Gazianatep<br \/>\n\u2022 Ak\u00e7aabat \u0130MKB Lisesi Trabzon<br \/>\n\u2022 Atat\u00fcrk \u0130lk\u00f6\u011fretim Okulu Ordu<br \/>\n\u2022 Atat\u00fcrk \u0130lk\u00f6\u011fretim Okulu Ordu Fatsa<br \/>\n\u2022 Bayat Birle\u015ftirilmi\u015f S\u0131n\u0131fl\u0131 \u0130lk\u00f6\u011fretim Okulu Antalya<br \/>\n\u2022 \u00c7a\u011fda\u015f Ya\u015fam\u0131 Destekleme Derne\u011fi<br \/>\n\u2022 Emin Ali Ya\u015f\u0131n \u0130lk\u00f6\u011fretim Okulu \u0130stanbul<br \/>\n\u2022 Fikirtepe \u0130n\u00f6n\u00fc \u0130lk\u00f6\u011fretim Okulu \u0130stanbul<br \/>\n\u2022 Geyve Akdo\u011fan \u0130lk\u00f6\u011fretim Okulu Sakarya<br \/>\n\u2022 Hakkari \u00dcniversitesi<br \/>\n\u2022 Hendek Ticaret Meslek Lisesi Sakarya<br \/>\n\u2022 \u0130smail erez \u0130lk\u00f6\u011fretim Okulu Ba\u015fak Konutlar\u0131<br \/>\n\u2022 Kad\u0131k\u00f6y Milli E\u011fitim M\u00fcd\u00fcrl\u00fc\u011f\u00fc \u0130stanbul<br \/>\n\u2022 Kadir Hac\u0131 Kadiro\u011flu \u0130lk\u00f6\u011fretim Okulu Antalya<br \/>\n\u2022 Karacao\u011flan \u0130lk\u00f6\u011fretim Okulu \u0130stanbul<br \/>\n\u2022 Kartal Anadolu Meslek Lisesi \u0130Stanbul<br \/>\n\u2022 Kocabeyli \u0130lk\u00f6\u011fretim Okulu<br \/>\n\u2022 Koridor K\u00fct\u00fcphanesi<br \/>\n\u2022 Mehmetli \u0130lk\u00f6\u011fretim Okulu Samsun<br \/>\n\u2022 Molla \u00d6mer K\u00f6y\u00fc \u0130lk\u00f6\u011fretim Okulu Erzurum<br \/>\n\u2022 Ovak\u0131\u015flac\u0131k \u0130lk\u00f6\u011fretim Okulu Mu\u011fla<br \/>\n\u2022 Sinek\u00e7i \u0130lk\u00f6\u011fretim Okulu \u00c7anakkale<br \/>\n\u2022 \u015eehit Refik Cesur Yat\u0131l\u0131 \u0130lk\u00f6\u011fretim B\u00f6lge Okulu Kars<br \/>\n\u2022 \u015e\u0131rnak \u0130smet Pa\u015fa \u0130lk\u00f6\u011fretim Okulu \u015e\u0131rnak<br \/>\n\u2022 TOK\u0130 Gaziosmanpa\u015fa Avrupa Konutlar\u0131 \u0130stanbul<br \/>\n\u2022 Ulusal Egemenlik \u0130lk\u00f6\u011fretim Okulu Kocaeli<br \/>\n\u2022 Van Halk K\u00fct\u00fcphanesi<br \/>\n\u2022 Ya\u011fc\u0131lar Yat\u0131l\u0131 B\u00f6lge \u0130lk\u00f6\u011fretim Okulu Sakarya<br \/>\n\u2022 Yavuz Selim \u0130lk\u00f6\u011fretim Okulu Diyarbak\u0131r<\/p>\n<\/div>\n<\/div>\n<p>[\/vc_column_text][\/vc_column][\/vc_row]<\/p>\n<\/div>","protected":false},"excerpt":{"rendered":"<p>[vc_row][vc_column][vc_column_text] Hedeflerimiz : \u2022 \u00d6\u011frencilerimizin bilgi okuryazar\u0131 yetkinli\u011fiyle, \u00f6\u011frendiklerini hayat\u0131n her a\u015famas\u0131nda kullanmas\u0131, yorumlamas\u0131 ve bu yetilerini kullanarak kendini yenilemesi, bildiklerini ve \u00f6\u011frendiklerini \u00e7a\u011f\u0131na kar\u015f\u0131 sorumlu davranarak payla\u015fmas\u0131 ve \u00f6rnek bireyler olmas\u0131n\u0131 sa\u011flamak, \u2022 Anaokulundan d\u00f6rd\u00fcnc\u00fc s\u0131n\u0131fa kadar k\u00fct\u00fcphane rehberli\u011fi dersinin haftada bir saat yap\u0131larak \u00f6\u011frencilerimizin akademik ve k\u00fclt\u00fcrel geli\u015fimine katk\u0131da bulunmak, \u2022 K\u00fct\u00fcphane rehberli\u011fi [&hellip;]<\/p>\n","protected":false},"author":1,"featured_media":0,"parent":0,"menu_order":0,"comment_status":"closed","ping_status":"closed","template":"","meta":{"footnotes":""},"class_list":["post-11466","page","type-page","status-publish","hentry"],"_links":{"self":[{"href":"https:\/\/irmak.k12.tr\/primary\/wp-json\/wp\/v2\/pages\/11466","targetHints":{"allow":["GET"]}}],"collection":[{"href":"https:\/\/irmak.k12.tr\/primary\/wp-json\/wp\/v2\/pages"}],"about":[{"href":"https:\/\/irmak.k12.tr\/primary\/wp-json\/wp\/v2\/types\/page"}],"author":[{"embeddable":true,"href":"https:\/\/irmak.k12.tr\/primary\/wp-json\/wp\/v2\/users\/1"}],"replies":[{"embeddable":true,"href":"https:\/\/irmak.k12.tr\/primary\/wp-json\/wp\/v2\/comments?post=11466"}],"version-history":[{"count":0,"href":"https:\/\/irmak.k12.tr\/primary\/wp-json\/wp\/v2\/pages\/11466\/revisions"}],"wp:attachment":[{"href":"https:\/\/irmak.k12.tr\/primary\/wp-json\/wp\/v2\/media?parent=11466"}],"curies":[{"name":"wp","href":"https:\/\/api.w.org\/{rel}","templated":true}]}}