{"id":11451,"date":"2023-02-15T11:48:09","date_gmt":"2023-02-15T08:48:09","guid":{"rendered":"https:\/\/irmak.k12.tr\/primary\/?page_id=11451"},"modified":"2023-03-08T09:15:07","modified_gmt":"2023-03-08T06:15:07","slug":"brans-dersleri","status":"publish","type":"page","link":"https:\/\/irmak.k12.tr\/primary\/brans-dersleri\/","title":{"rendered":"Bran\u015f Dersleri"},"content":{"rendered":"<div class=\"wpb-content-wrapper\"><p>[vc_row][vc_column][vc_column_text]<\/p>\n<div class=\"text-left\">\n<h3>M\u00fczik ve Enstr\u00fcman E\u011fitimi<\/h3>\n<p><a href=\"https:\/\/irmak.k12.tr\/primary\/muzik-ve-enstruman-egitimi\/\">\u0130yi bir m\u00fczik e\u011fitimi alan ve m\u00fczi\u011fi seven \u00e7ocuk, ya\u015fam\u0131 sever, estetik zenginli\u011fi ile fark yarat\u0131r d\u00fc\u015f\u00fcncesiyle, \u00f6\u011frencilerimize duygu ve d\u00fc\u015f\u00fcncelerini ifade etmede evrensel bir dil olan m\u00fczi\u011fi kullanarak farkl\u0131 k\u00fclt\u00fcrlerle ileti\u015fim kurmay\u0131, ilgi ve yetenekleri do\u011frultusunda geli\u015ftirerek m\u00fczi\u011fi&#8230;<\/a><\/p>\n<\/div>\n<div class=\"text-left\">\n<h3>Beden E\u011fitimi<\/h3>\n<p><a href=\"https:\/\/irmak.k12.tr\/primary\/beden-egitimi\/\">Oyun ve fiziki etkinliklerimizde \u00f6\u011frencilerimiz, sosyal ve duygusal y\u00f6nden geli\u015fen, zihinsel ve fiziksel \u00f6zelliklerini geli\u015ftiren, hareket yetkinli\u011fi ile aktif ve sa\u011fl\u0131kl\u0131 hayat al\u0131\u015fkanl\u0131\u011f\u0131 kazanm\u0131\u015f, karma\u015f\u0131k durumlara \u00e7\u00f6z\u00fcmsel yakla\u015fabilen, kazanmay\u0131 kutlayan ve kaybetmeyi kabullenen \u00f6\u011frenciler&#8230;<\/a><\/p>\n<\/div>\n<div class=\"text-left\">\n<h3>G\u00f6rsel Sanatlar<\/h3>\n<p><a href=\"https:\/\/irmak.k12.tr\/primary\/gorsel-sanatlar\/\">Sanat, bireysel a\u00e7\u0131dan duygular\u0131n, d\u00fc\u015f\u00fcncelerin, hayallerin, yarat\u0131c\u0131 \u00e7abalar\u0131n ve insan\u0131n kendini ger\u00e7ekle\u015ftirmesinin bir arac\u0131; toplumlar\u0131 kayna\u015ft\u0131rmada b\u00fct\u00fcnleyici y\u00f6n\u00fc ile \u00f6nemli bir k\u00fclt\u00fcr dinami\u011fidir.<\/a><\/p>\n<\/div>\n<div class=\"text-left\">\n<h3>Bili\u015fim Teknolojileri ve Kodlama<\/h3>\n<p><a href=\"https:\/\/irmak.k12.tr\/primary\/bilisim-teknolojileri-ve-kodlama\/\">G\u00fcn\u00fcm\u00fcz\u00fcn geli\u015fme ve \u00e7a\u011f\u0131 yakalama d\u00fc\u015f\u00fcncesinin en \u00f6nemli gereksinimi olan bilgisayar\u0131 verimli bir \u015fekilde kullanmak ka\u00e7\u0131n\u0131lmaz olmu\u015ftur.<\/a><\/p>\n<\/div>\n<div class=\"text-left\">\n<h3>K\u00fct\u00fcphane<\/h3>\n<p><a href=\"https:\/\/irmak.k12.tr\/primary\/kutuphane\/\">\u00d6\u011frencilerimizin bilgi okuryazar\u0131 yetkinli\u011fiyle, \u00f6\u011frendiklerini hayat\u0131n her a\u015famas\u0131nda kullanmas\u0131, yorumlamas\u0131 ve bu yetilerini kullanarak kendini yenilemesi, bildiklerini ve \u00f6\u011frendiklerini \u00e7a\u011f\u0131na kar\u015f\u0131 sorumlu davranarak payla\u015fmas\u0131 ve \u00f6rnek bireyler olmas\u0131n\u0131 sa\u011flamak,<\/a><\/p>\n<\/div>\n<div class=\"text-left\">\n<h3>Satran\u00e7<\/h3>\n<p><a href=\"https:\/\/irmak.k12.tr\/primary\/satranc-2\/\">Tarihin en eski oyunu olarak bilinen Satran\u00e7, okulumuz ilkokul 1 ve 2.s\u0131n\u0131flar\u0131nda ders olarak okutulmakta olup, derslerimiz modern ekipmanlarla ve satran\u00e7 masalar\u0131 ile donat\u0131lm\u0131\u015f, en yeni satran\u00e7 programlar\u0131n\u0131n kullan\u0131ld\u0131\u011f\u0131 ak\u0131ll\u0131 tahtas\u0131 olan satran\u00e7 s\u0131n\u0131f\u0131nda yap\u0131lmaktad\u0131r.<\/a><\/p>\n<\/div>\n<div class=\"text-left\">\n<h3>Drama<\/h3>\n<p><a href=\"https:\/\/irmak.k12.tr\/primary\/drama\/\">\u00d6\u011frencilerimizin yarat\u0131c\u0131l\u0131\u011f\u0131n\u0131, ileti\u015fim becerilerini, olumlu benlik alg\u0131s\u0131n\u0131, kendisini farkl\u0131 \u015fekillerde ifade edebilmesini, estetik duyarl\u0131l\u0131\u011f\u0131n\u0131n olu\u015fmas\u0131n\u0131 sa\u011flamak yarat\u0131c\u0131 draman\u0131n ilk hedeflerindendir.<\/a><\/p>\n<\/div>\n<div class=\"text-left\">\n<h3>Fen Laboratuvar Uygulamalar\u0131<\/h3>\n<p><a href=\"https:\/\/irmak.k12.tr\/primary\/fen-laboratuvar-uygulamalari-2\/\">Irmak Okullar\u0131 olarak, \u00f6\u011frencilerimizin. g\u00f6zlem yapma, fikir \u00fcretme ve yorum yapma gibi becerilerini geli\u015ftirmek temel hedeflerimizdendir. \u00d6\u011frencilerimiz, fen laboratuvar\u0131nda somut ya\u015fant\u0131lar ge\u00e7irirler ve ya\u015fayarak \u00f6\u011frenirler.<\/a><\/p>\n<\/div>\n<div class=\"clear\"><\/div>\n<p>[\/vc_column_text][\/vc_column][\/vc_row]<\/p>\n<\/div>","protected":false},"excerpt":{"rendered":"<p>[vc_row][vc_column][vc_column_text] M\u00fczik ve Enstr\u00fcman E\u011fitimi \u0130yi bir m\u00fczik e\u011fitimi alan ve m\u00fczi\u011fi seven \u00e7ocuk, ya\u015fam\u0131 sever, estetik zenginli\u011fi ile fark yarat\u0131r d\u00fc\u015f\u00fcncesiyle, \u00f6\u011frencilerimize duygu ve d\u00fc\u015f\u00fcncelerini ifade etmede evrensel bir dil olan m\u00fczi\u011fi kullanarak farkl\u0131 k\u00fclt\u00fcrlerle ileti\u015fim kurmay\u0131, ilgi ve yetenekleri do\u011frultusunda geli\u015ftirerek m\u00fczi\u011fi&#8230; Beden E\u011fitimi Oyun ve fiziki etkinliklerimizde \u00f6\u011frencilerimiz, sosyal ve duygusal y\u00f6nden [&hellip;]<\/p>\n","protected":false},"author":1,"featured_media":0,"parent":0,"menu_order":0,"comment_status":"closed","ping_status":"closed","template":"","meta":{"footnotes":""},"class_list":["post-11451","page","type-page","status-publish","hentry"],"_links":{"self":[{"href":"https:\/\/irmak.k12.tr\/primary\/wp-json\/wp\/v2\/pages\/11451","targetHints":{"allow":["GET"]}}],"collection":[{"href":"https:\/\/irmak.k12.tr\/primary\/wp-json\/wp\/v2\/pages"}],"about":[{"href":"https:\/\/irmak.k12.tr\/primary\/wp-json\/wp\/v2\/types\/page"}],"author":[{"embeddable":true,"href":"https:\/\/irmak.k12.tr\/primary\/wp-json\/wp\/v2\/users\/1"}],"replies":[{"embeddable":true,"href":"https:\/\/irmak.k12.tr\/primary\/wp-json\/wp\/v2\/comments?post=11451"}],"version-history":[{"count":0,"href":"https:\/\/irmak.k12.tr\/primary\/wp-json\/wp\/v2\/pages\/11451\/revisions"}],"wp:attachment":[{"href":"https:\/\/irmak.k12.tr\/primary\/wp-json\/wp\/v2\/media?parent=11451"}],"curies":[{"name":"wp","href":"https:\/\/api.w.org\/{rel}","templated":true}]}}