{"id":11258,"date":"2023-02-14T23:32:12","date_gmt":"2023-02-14T20:32:12","guid":{"rendered":"https:\/\/irmak.k12.tr\/primary\/?page_id=11258"},"modified":"2023-03-08T09:05:12","modified_gmt":"2023-03-08T06:05:12","slug":"kavramlar","status":"publish","type":"page","link":"https:\/\/irmak.k12.tr\/primary\/kavramlar\/","title":{"rendered":"Kavramlar"},"content":{"rendered":"<div class=\"wpb-content-wrapper\"><p>[vc_row][vc_column][vc_column_text]IB okullar\u0131 sorgulama programlar\u0131n\u0131, a\u015fa\u011f\u0131da \u00f6rnek a\u00e7\u0131k u\u00e7lu sorular i\u00e7eren yedi PYP anahtar kavram\u0131n\u0131n t\u00fcm\u00fcn\u00fcn daha derinlemesine irdelenmesi i\u00e7in f\u0131rsatlar sunacak \u015fekilde organize eder. Her s\u0131n\u0131f\/y\u0131l seviyesinde bu yedi anahtar kavram\u0131n t\u00fcm\u00fc sorgulama program\u0131nda ele al\u0131n\u0131r. Sorgulama program\u0131ndaki kavramlar\u0131 (anahtar kavramlar ve ba\u011flant\u0131l\u0131 kavramlar) liste haline getirmek, \u00fcnitelerin hedefledi\u011fi y\u00f6n\u00fcn belli bir noktaya odaklanmas\u0131na, \u00f6\u011fretilecek i\u00e7eri\u011fin \u00e7er\u00e7evelendirilmesine de yard\u0131mc\u0131 olur. Derslerin anla\u015f\u0131lmas\u0131n\u0131 derinle\u015ftirirken, di\u011fer yandan da \u00f6\u011frenme boyunca bir dersten di\u011ferine ve disiplinleraras\u0131 \u00f6\u011frenmeyle disiplinler\u00fcst\u00fc \u00f6\u011frenme aras\u0131nda ba\u011flant\u0131lar kurulmas\u0131 i\u00e7in ilave f\u0131rsatlar yarat\u0131lmas\u0131n\u0131 sa\u011flar. PYP anahtar kavramlar \u00f6\u011frencilerin ana fikri daha derinlemesine anlamalar\u0131nda f\u0131rsatlar sunar.<\/p>\n<p>PYP&#8217;nin felsefesinin merkezinde, ama\u00e7l\u0131 ve d\u00fczenli sorgulaman\u0131n, \u00f6\u011frenme i\u00e7in anlam\u0131 ve anlamay\u0131 geli\u015ftiren ve \u00f6\u011frencileri \u00f6nemli konularla ilgilenmeye zorlayan g\u00fc\u00e7l\u00fc bir ara\u00e7 oldu\u011fu ilkesi yatar. Bu nedenle, PYP&#8217;de ayr\u0131ca sorgulamay\u0131 destekleme yolu olarak\u00a0<strong>kavram\u0131n y\u00f6nlendirdi\u011fi m\u00fcfredata<\/strong>\u00a0ba\u011fl\u0131l\u0131k vard\u0131r.<\/p>\n<p><strong>Anahtar Kavramlar\u0131n M\u00fcfredattaki Yeri<\/strong>\u00a0M\u00fcfredat\u0131n merkezinde yer alan kavramlar anahtar sorular \u015feklinde sunulur. \u00dcniteyi \u015fekillendirip ona y\u00f6n kazand\u0131rma \u00f6zelli\u011fi vard\u0131r. Anahtar kavramlar\u0131 sunman\u0131n do\u011fal yolu kapsaml\u0131, a\u00e7\u0131k u\u00e7lu sorular sormaktan ge\u00e7er. A\u00e7\u0131k u\u00e7lu y\u00f6neltilen sorular \u00f6\u011fretmen ve \u00f6\u011frencilerin d\u00fc\u015f\u00fcncelerini \u00f6zg\u00fcrle\u015ftirir. B\u00f6ylece her \u00f6\u011frenciye \u00f6zel yeteneklerine bak\u0131lmaks\u0131z\u0131n eri\u015filmesini sa\u011flar.<\/p>\n<p>\u00d6zetle; PYP kavramlar\u0131 \u00f6\u011frencilerin ara\u015ft\u0131rma ve sorgulamalar\u0131n\u0131 destekler.<\/p>\n<p>PYP anahtar kavramlar\u0131na y\u00f6nelik a\u00e7\u0131k u\u00e7lu sorular a\u015fa\u011f\u0131da \u00f6rneklenmi\u015ftir.<\/p>\n<p><strong>1.\u015eEK\u0130L:<\/strong>\u00a0Neye benziyor?<br \/>\n<strong>2.\u0130\u015eLEV:<\/strong>\u00a0Nas\u0131l \u00e7al\u0131\u015f\u0131yor?<br \/>\n<strong>3.SEBEP-SONU\u00c7:<\/strong>\u00a0Neden b\u00f6yle?<br \/>\n<strong>4.DE\u011e\u0130\u015e\u0130M:\u00a0<\/strong>Nas\u0131l de\u011fi\u015fiyor?<br \/>\n<strong>5.BA\u011eLANTI:<\/strong>\u00a0Di\u011fer \u015feylerle aras\u0131nda ne ba\u011flant\u0131 var?<br \/>\n<strong>6.BAKI\u015e A\u00c7ISI:<\/strong>\u00a0De\u011fi\u015fik bak\u0131\u015f a\u00e7\u0131lar\u0131 neler?<br \/>\n<strong>7.SORUMLULUK:<\/strong>\u00a0Sorumlulu\u011fumuz nedir?[\/vc_column_text][\/vc_column][\/vc_row][vc_row][vc_column][vc_column_text]<\/p>\n<ul>\n<li><a href=\"https:\/\/irmak.k12.tr\/primary\/ogrenen-profili-ozellikleri\/\">\u00d6\u011frenen Profili \u00d6zellikleri<\/a><\/li>\n<li><a href=\"https:\/\/irmak.k12.tr\/primary\/ogrenme-yaklasimlari-atl\/\">\u00d6\u011frenme Yakla\u015f\u0131mlar\u0131 (ATL)<\/a><\/li>\n<li><a href=\"https:\/\/irmak.k12.tr\/primary\/kavramlar\/\">Kavramlar<\/a><\/li>\n<li><a href=\"https:\/\/irmak.k12.tr\/primary\/irmak-sorgulama-programi\/\">Irmak Sorgulama Program\u0131<\/a><\/li>\n<li><a href=\"https:\/\/irmak.k12.tr\/primary\/pyp-sergisi\/\">PYP Sergisi<\/a><\/li>\n<li><a href=\"https:\/\/irmak.k12.tr\/primary\/uluslararasi-bakis-acisi\/\">Uluslararas\u0131 Bak\u0131\u015f A\u00e7\u0131s\u0131<\/a><\/li>\n<li><a href=\"https:\/\/irmak.k12.tr\/primary\/ib-hakkinda\/\">IB Hakk\u0131nda<\/a><\/li>\n<\/ul>\n<p>[\/vc_column_text][\/vc_column][\/vc_row]<\/p>\n<\/div>","protected":false},"excerpt":{"rendered":"<p>[vc_row][vc_column][vc_column_text]IB okullar\u0131 sorgulama programlar\u0131n\u0131, a\u015fa\u011f\u0131da \u00f6rnek a\u00e7\u0131k u\u00e7lu sorular i\u00e7eren yedi PYP anahtar kavram\u0131n\u0131n t\u00fcm\u00fcn\u00fcn daha derinlemesine irdelenmesi i\u00e7in f\u0131rsatlar sunacak \u015fekilde organize eder. Her s\u0131n\u0131f\/y\u0131l seviyesinde bu yedi anahtar kavram\u0131n t\u00fcm\u00fc sorgulama program\u0131nda ele al\u0131n\u0131r. Sorgulama program\u0131ndaki kavramlar\u0131 (anahtar kavramlar ve ba\u011flant\u0131l\u0131 kavramlar) liste haline getirmek, \u00fcnitelerin hedefledi\u011fi y\u00f6n\u00fcn belli bir noktaya odaklanmas\u0131na, \u00f6\u011fretilecek [&hellip;]<\/p>\n","protected":false},"author":1,"featured_media":0,"parent":0,"menu_order":0,"comment_status":"closed","ping_status":"closed","template":"","meta":{"footnotes":""},"class_list":["post-11258","page","type-page","status-publish","hentry"],"_links":{"self":[{"href":"https:\/\/irmak.k12.tr\/primary\/wp-json\/wp\/v2\/pages\/11258","targetHints":{"allow":["GET"]}}],"collection":[{"href":"https:\/\/irmak.k12.tr\/primary\/wp-json\/wp\/v2\/pages"}],"about":[{"href":"https:\/\/irmak.k12.tr\/primary\/wp-json\/wp\/v2\/types\/page"}],"author":[{"embeddable":true,"href":"https:\/\/irmak.k12.tr\/primary\/wp-json\/wp\/v2\/users\/1"}],"replies":[{"embeddable":true,"href":"https:\/\/irmak.k12.tr\/primary\/wp-json\/wp\/v2\/comments?post=11258"}],"version-history":[{"count":0,"href":"https:\/\/irmak.k12.tr\/primary\/wp-json\/wp\/v2\/pages\/11258\/revisions"}],"wp:attachment":[{"href":"https:\/\/irmak.k12.tr\/primary\/wp-json\/wp\/v2\/media?parent=11258"}],"curies":[{"name":"wp","href":"https:\/\/api.w.org\/{rel}","templated":true}]}}