{"id":11360,"date":"2023-02-17T16:23:50","date_gmt":"2023-02-17T13:23:50","guid":{"rendered":"https:\/\/irmak.k12.tr\/middle\/?page_id=11360"},"modified":"2024-02-29T08:55:42","modified_gmt":"2024-02-29T05:55:42","slug":"okul-ici-yarismalar","status":"publish","type":"page","link":"https:\/\/irmak.k12.tr\/middle\/okul-ici-yarismalar\/","title":{"rendered":"Okul \u0130\u00e7i Yar\u0131\u015fmalar"},"content":{"rendered":"\r\n<p><b>Irmak Olimpiyatlar\u0131<\/b><span style=\"font-weight: 400;\">: <\/span><span style=\"font-weight: 400;\">1-8. s\u0131n\u0131flar seviyesinde organize edilen olimpiyatlar\u0131m\u0131zda t\u00fcm \u00f6\u011frencilerimiz, kendi seviyelerinde farkl\u0131 kategorilerden \u00f6l\u00e7\u00fcmlere dahil olurlar. Bu \u00f6l\u00e7\u00fcmler sonucunda dereceye giren \u00f6\u011frenciler \u00f6d\u00fcllendirilir. Ayr\u0131ca \u00f6l\u00e7\u00fcm sonu\u00e7lar\u0131na g\u00f6re \u00f6\u011frencilerimize sportif y\u00f6nlendirmeler yap\u0131l\u0131r.<\/span><\/p>\r\n<p><b>Atletizm Yar\u0131\u015fmalar\u0131: <\/b><span style=\"font-weight: 400;\">Okul i\u00e7inde d\u00fczenlenen atletizm yar\u0131\u015fmalar\u0131nda \u00f6ncelikli amac\u0131m\u0131z, \u00f6\u011frencilerin fiziksel aktiviteye te\u015fvik edilmesidir.\u00a0 Yar\u0131\u015fmalarda tak\u0131m ruhunu geli\u015ftiren \u00f6\u011frencilerimiz, disiplin ve strateji gibi \u00f6nemli beceriler kazan\u0131r ve rekabet ederken birbirlerine destek olmay\u0131 \u00f6\u011frenirler.<\/span><\/p>\r\n<p><b>Basketbol Turnuvas\u0131:<\/b><span style=\"font-weight: 400;\"> Turnuvalar; \u00f6\u011frencilerin<\/span> <span style=\"font-weight: 400;\">basketbol bran\u015f\u0131na \u00f6zg\u00fc \u201ckoordinasyon, h\u0131z, dayan\u0131kl\u0131l\u0131k ve tak\u0131m \u00e7al\u0131\u015fmas\u0131\u201d gibi bir\u00e7ok beceriyi geli\u015ftirebilecekleri bir ortam sa\u011flamak amac\u0131yla ger\u00e7ekle\u015ftirilmektedir.<\/span><\/p>\r\n<p><b>Tenis Turnuvas\u0131: <\/b><span style=\"font-weight: 400;\">Okul i\u00e7inde d\u00fczenlenen tenis turnuvalar\u0131n\u0131n temel amac\u0131, \u00f6\u011frencilere tenis sporunu deneyimleme ve bu spor dal\u0131nda becerilerini geli\u015ftirme f\u0131rsat\u0131 sunmakt\u0131r. Tenis, h\u0131z, \u00e7eviklik, koordinasyon ve strateji gerektiren bir spor oldu\u011fu i\u00e7in bu turnuvalar \u00f6\u011frencilere fiziksel yeteneklerini art\u0131rma ve teknik becerilerini peki\u015ftirme \u015fans\u0131 tan\u0131r. Ayn\u0131 zamanda, tenis turnuvalar\u0131 \u00f6\u011frenciler aras\u0131nda dost\u00e7a rekabeti te\u015fvik eder ve fair play (adil oyun) anlay\u0131\u015f\u0131n\u0131 g\u00fc\u00e7lendirir.\u00a0<\/span><\/p>\r\n<p><b>Geleneksel Irmak Spor \u015eenli\u011fi: <\/b><span style=\"font-weight: 400;\">19 May\u0131s Atat\u00fcrk\u2019\u00fc Anma Gen\u00e7lik ve Spor Bayram\u0131 etkinlikleri kapsam\u0131nda her y\u0131l geleneksel olarak d\u00fczenlenen <\/span><b>\u201cIrmak Spor \u015eenli\u011fi\u201d<\/b><span style=\"font-weight: 400;\">nde amac\u0131m\u0131z; farkl\u0131 bran\u015flarda Irmak Okullar\u0131n\u0131 temsil eden sporcu \u00f6\u011frencilerin di\u011fer okullar\u0131n sporcu \u00f6\u011frencileriyle kayna\u015fmalar\u0131n\u0131 sa\u011flamak ve sporun evrensel boyutlardaki sevgi, dostluk ve fair play ilkelerini benimsemelerine katk\u0131da bulunmakt\u0131r.<\/span><\/p>\r\n<p><b>Futsal Turnuvas\u0131: <\/b><span style=\"font-weight: 400;\">Futbol temel becerilerinin sergilendi\u011fi ve tak\u0131m ruhunun bir arada kullan\u0131ld\u0131\u011f\u0131 turnuvam\u0131z 5, 6, 7 ve 8. s\u0131n\u0131f seviyelerinde ger\u00e7ekle\u015ftirilmektedir.<\/span><\/p>\r\n","protected":false},"excerpt":{"rendered":"<p>Irmak Olimpiyatlar\u0131: 1-8. s\u0131n\u0131flar seviyesinde organize edilen olimpiyatlar\u0131m\u0131zda t\u00fcm \u00f6\u011frencilerimiz, kendi seviyelerinde farkl\u0131 kategorilerden \u00f6l\u00e7\u00fcmlere dahil olurlar. Bu \u00f6l\u00e7\u00fcmler sonucunda dereceye giren \u00f6\u011frenciler \u00f6d\u00fcllendirilir. Ayr\u0131ca \u00f6l\u00e7\u00fcm sonu\u00e7lar\u0131na g\u00f6re \u00f6\u011frencilerimize sportif y\u00f6nlendirmeler yap\u0131l\u0131r. Atletizm Yar\u0131\u015fmalar\u0131: Okul i\u00e7inde d\u00fczenlenen atletizm yar\u0131\u015fmalar\u0131nda \u00f6ncelikli amac\u0131m\u0131z, \u00f6\u011frencilerin fiziksel aktiviteye te\u015fvik edilmesidir.\u00a0 Yar\u0131\u015fmalarda tak\u0131m ruhunu geli\u015ftiren \u00f6\u011frencilerimiz, disiplin ve strateji gibi [&hellip;]<\/p>\n","protected":false},"author":1,"featured_media":0,"parent":0,"menu_order":0,"comment_status":"closed","ping_status":"closed","template":"","meta":{"footnotes":""},"class_list":["post-11360","page","type-page","status-publish","hentry"],"_links":{"self":[{"href":"https:\/\/irmak.k12.tr\/middle\/wp-json\/wp\/v2\/pages\/11360","targetHints":{"allow":["GET"]}}],"collection":[{"href":"https:\/\/irmak.k12.tr\/middle\/wp-json\/wp\/v2\/pages"}],"about":[{"href":"https:\/\/irmak.k12.tr\/middle\/wp-json\/wp\/v2\/types\/page"}],"author":[{"embeddable":true,"href":"https:\/\/irmak.k12.tr\/middle\/wp-json\/wp\/v2\/users\/1"}],"replies":[{"embeddable":true,"href":"https:\/\/irmak.k12.tr\/middle\/wp-json\/wp\/v2\/comments?post=11360"}],"version-history":[{"count":5,"href":"https:\/\/irmak.k12.tr\/middle\/wp-json\/wp\/v2\/pages\/11360\/revisions"}],"predecessor-version":[{"id":13225,"href":"https:\/\/irmak.k12.tr\/middle\/wp-json\/wp\/v2\/pages\/11360\/revisions\/13225"}],"wp:attachment":[{"href":"https:\/\/irmak.k12.tr\/middle\/wp-json\/wp\/v2\/media?parent=11360"}],"curies":[{"name":"wp","href":"https:\/\/api.w.org\/{rel}","templated":true}]}}