{"id":11278,"date":"2023-02-16T17:50:52","date_gmt":"2023-02-16T14:50:52","guid":{"rendered":"https:\/\/irmak.k12.tr\/middle\/?page_id=11278"},"modified":"2024-03-06T13:03:54","modified_gmt":"2024-03-06T10:03:54","slug":"bilisim-teknolojileri","status":"publish","type":"page","link":"https:\/\/irmak.k12.tr\/middle\/bilisim-teknolojileri\/","title":{"rendered":"Bili\u015fim Teknolojileri"},"content":{"rendered":"\r\n<p><span style=\"font-weight: 400;\">Irmak Okullar\u0131nda\u00a0 bili\u015fim teknolojileri ve yaz\u0131l\u0131m dersi teorik ve uygulamal\u0131 olarak i\u015flenmektedir. Derslerde ya\u015fam boyu \u00f6\u011frenen ve \u00e7a\u011f\u0131na kar\u015f\u0131 sorumlu bireyler yeti\u015ftirmek amac\u0131yla \u00f6\u011frencilerin teknolojiyi s\u0131n\u0131f i\u00e7inde ve d\u0131\u015f\u0131nda ya\u015famlar\u0131na kolayl\u0131k sa\u011flayacak \u015fekilde kullanabildikleri alanlar sa\u011flanmaktad\u0131r. \u201cBilgiye ula\u015fmada s\u0131n\u0131rlar\u0131n olmad\u0131\u011f\u0131 bir okul toplumu\u201d bak\u0131\u015f a\u00e7\u0131s\u0131yla \u00f6\u011frencilerimiz bili\u015fim teknolojilerini kullanarak zaman ve mekandan ba\u011f\u0131ms\u0131z bilgiye ula\u015fabilmektedir. Derslerimiz; ara\u015ft\u0131rma temelli \u00f6\u011frenmeyi, bireyselle\u015ftirilmi\u015f \u00f6\u011fretimi kolayla\u015ft\u0131rmak ve ger\u00e7ekle\u015ftirmek i\u00e7in yap\u0131land\u0131rmac\u0131 ve \u00f6\u011frenci merkezli \u00f6\u011fretimi desteklemektedir.\u00a0 \u00d6\u011frencilerimize teknoloji becerileri yan\u0131nda kodlama ve programlama ile problem \u00e7\u00f6zme, ileti\u015fim kurma, tak\u0131m \u00e7al\u0131\u015fmas\u0131, planlama, karar verme, de\u011ferlendirme ve yarat\u0131c\u0131l\u0131k gibi hayat\u0131n her alan\u0131nda faydal\u0131 olacak, 21. y\u00fczy\u0131l becerilerini geli\u015ftirme olana\u011f\u0131 sunulmaktad\u0131r. Bunun yan\u0131nda STEAM \u00e7al\u0131\u015fmalar\u0131na da yer verilerek \u00f6\u011frencilerin farkl\u0131 alanlardaki becerileri ile teknoloji becerilerini birle\u015ftirmeleri ve tek bir proje \u00fczerinde \u00e7al\u0131\u015fmalar\u0131 sa\u011flanmaktad\u0131r.<\/span><\/p>\r\n<p><span style=\"font-weight: 400;\">Irmak Okullar\u0131 bili\u015fim teknolojileri dersinin ama\u00e7lar\u0131n\u0131 \u015fu \u015fekilde s\u0131ralanabilir:<\/span><\/p>\r\n<ul>\r\n<li style=\"font-weight: 400;\" aria-level=\"1\"><span style=\"font-weight: 400;\">\u00d6\u011frencilerin veri g\u00fcvenli\u011fini sa\u011flaman\u0131n \u00f6nemini fark etmeleri,<\/span><\/li>\r\n<li style=\"font-weight: 400;\" aria-level=\"1\"><span style=\"font-weight: 400;\">\u00d6\u011frencilerin bilgi payla\u015f\u0131m\u0131 i\u00e7in farkl\u0131 platform ve programlarda \u00e7al\u0131\u015fma alanlar\u0131n\u0131 tan\u0131malar\u0131,<\/span><\/li>\r\n<li style=\"font-weight: 400;\" aria-level=\"1\"><span style=\"font-weight: 400;\">Algoritma mant\u0131\u011f\u0131n\u0131 kavramalar\u0131,<\/span><\/li>\r\n<li style=\"font-weight: 400;\" aria-level=\"1\"><span style=\"font-weight: 400;\">Sanal d\u00fcnyada etik ve sosyal de\u011ferleri benimsemeleri,<\/span><\/li>\r\n<li style=\"font-weight: 400;\" aria-level=\"1\"><span style=\"font-weight: 400;\">Dijital vatanda\u015f olarak tutum sergilemeleri,<\/span><\/li>\r\n<li style=\"font-weight: 400;\" aria-level=\"1\"><span style=\"font-weight: 400;\">Robot teknolojilerini tan\u0131malar\u0131,\u00a0<\/span><\/li>\r\n<li style=\"font-weight: 400;\" aria-level=\"1\"><span style=\"font-weight: 400;\">Robotiks \u00e7al\u0131\u015fmalar\u0131na kat\u0131larak robot teknolojileri konusunda projeler haz\u0131rlamalar\u0131,<\/span><\/li>\r\n<li style=\"font-weight: 400;\" aria-level=\"1\"><span style=\"font-weight: 400;\">Problem analizi ve \u00e7\u00f6z\u00fcm yakla\u015f\u0131mlar\u0131 ile programlamaya ilk ad\u0131mlar\u0131 atmalar\u0131 ama\u00e7lanmaktad\u0131r.<\/span><\/li>\r\n<\/ul>\r\n","protected":false},"excerpt":{"rendered":"<p>Irmak Okullar\u0131nda\u00a0 bili\u015fim teknolojileri ve yaz\u0131l\u0131m dersi teorik ve uygulamal\u0131 olarak i\u015flenmektedir. Derslerde ya\u015fam boyu \u00f6\u011frenen ve \u00e7a\u011f\u0131na kar\u015f\u0131 sorumlu bireyler yeti\u015ftirmek amac\u0131yla \u00f6\u011frencilerin teknolojiyi s\u0131n\u0131f i\u00e7inde ve d\u0131\u015f\u0131nda ya\u015famlar\u0131na kolayl\u0131k sa\u011flayacak \u015fekilde kullanabildikleri alanlar sa\u011flanmaktad\u0131r. \u201cBilgiye ula\u015fmada s\u0131n\u0131rlar\u0131n olmad\u0131\u011f\u0131 bir okul toplumu\u201d bak\u0131\u015f a\u00e7\u0131s\u0131yla \u00f6\u011frencilerimiz bili\u015fim teknolojilerini kullanarak zaman ve mekandan ba\u011f\u0131ms\u0131z bilgiye ula\u015fabilmektedir. [&hellip;]<\/p>\n","protected":false},"author":1,"featured_media":0,"parent":0,"menu_order":0,"comment_status":"closed","ping_status":"closed","template":"","meta":{"footnotes":""},"class_list":["post-11278","page","type-page","status-publish","hentry"],"_links":{"self":[{"href":"https:\/\/irmak.k12.tr\/middle\/wp-json\/wp\/v2\/pages\/11278","targetHints":{"allow":["GET"]}}],"collection":[{"href":"https:\/\/irmak.k12.tr\/middle\/wp-json\/wp\/v2\/pages"}],"about":[{"href":"https:\/\/irmak.k12.tr\/middle\/wp-json\/wp\/v2\/types\/page"}],"author":[{"embeddable":true,"href":"https:\/\/irmak.k12.tr\/middle\/wp-json\/wp\/v2\/users\/1"}],"replies":[{"embeddable":true,"href":"https:\/\/irmak.k12.tr\/middle\/wp-json\/wp\/v2\/comments?post=11278"}],"version-history":[{"count":1,"href":"https:\/\/irmak.k12.tr\/middle\/wp-json\/wp\/v2\/pages\/11278\/revisions"}],"predecessor-version":[{"id":13215,"href":"https:\/\/irmak.k12.tr\/middle\/wp-json\/wp\/v2\/pages\/11278\/revisions\/13215"}],"wp:attachment":[{"href":"https:\/\/irmak.k12.tr\/middle\/wp-json\/wp\/v2\/media?parent=11278"}],"curies":[{"name":"wp","href":"https:\/\/api.w.org\/{rel}","templated":true}]}}