{"id":11262,"date":"2023-02-16T16:04:11","date_gmt":"2023-02-16T13:04:11","guid":{"rendered":"https:\/\/irmak.k12.tr\/middle\/?page_id=11262"},"modified":"2024-02-22T12:03:43","modified_gmt":"2024-02-22T09:03:43","slug":"ingilizce","status":"publish","type":"page","link":"https:\/\/irmak.k12.tr\/middle\/ingilizce\/","title":{"rendered":"\u0130ngilizce"},"content":{"rendered":"\r\n<p><span style=\"font-weight: 400;\">Irmak Ortaokulunda \u0130ngilizce program\u0131n\u0131n amac\u0131; \u00f6\u011frencilerin ileti\u015fim becerilerini dinleme, konu\u015fma, okuma ve yazma becerileri ile donat\u0131lm\u0131\u015f bir m\u00fcfredat arac\u0131l\u0131\u011f\u0131 ile en \u00fcst d\u00fczeye \u00e7\u0131karmakt\u0131r.<\/span><\/p>\r\n<p><span style=\"font-weight: 400;\">\u00d6\u011frencilerin; kendi k\u00fclt\u00fcrlerinin yan\u0131 s\u0131ra farkl\u0131 k\u00fclt\u00fcrleri tan\u0131y\u0131p anlayan, ulusal ve uluslararas\u0131 bilince sahip, ba\u011f\u0131ms\u0131z, \u00f6z g\u00fcveni y\u00fcksek bireyler olmalar\u0131, insan do\u011fas\u0131 hakk\u0131nda daha derinlikli bir anlay\u0131\u015f geli\u015ftirmeleri ve ele\u015ftirel d\u00fc\u015f\u00fcnce yap\u0131s\u0131n\u0131 peki\u015ftirmeleri ama\u00e7lanmaktad\u0131r. Okulumuzda yabanc\u0131 dil \u00f6\u011fretiminde Avrupa Dilleri Ortak \u00c7er\u00e7eve Program\u0131 (Common European Framework of Reference \/C.E.F.R.) esas al\u0131nmakta, en son ve en etkili y\u00f6ntem olarak \u0130leti\u015fimsel Y\u00f6ntem (Communicative Approach) kullan\u0131lmaktad\u0131r.<\/span><\/p>\r\n<p><span style=\"font-weight: 400;\">Ama\u00e7lar\u0131m\u0131z:<\/span><\/p>\r\n<ul>\r\n<li style=\"font-weight: 400;\" aria-level=\"1\"><span style=\"font-weight: 400;\">\u00d6\u011frencilerin kendilerini ak\u0131c\u0131 ve do\u011fru \u015fekilde ifade edebilmelerini sa\u011flamak i\u00e7in dinleme, okuma, konu\u015fma ve yazma becerilerinin geli\u015fimine odaklanmak,<\/span><\/li>\r\n<li style=\"font-weight: 400;\" aria-level=\"1\"><span style=\"font-weight: 400;\">\u00d6\u011frencilerin kendilerini g\u00fcvende hissedecekleri \u00f6zg\u00fcr, g\u00fcvenli bir e\u011fitim ortam\u0131 yaratmak,<\/span><\/li>\r\n<li style=\"font-weight: 400;\" aria-level=\"1\"><span style=\"font-weight: 400;\">\u00d6\u011frencilerin gerek kendilerine gerekse ba\u015fkalar\u0131na kar\u015f\u0131 duyarl\u0131 ve sayg\u0131l\u0131 olmalar\u0131n\u0131 sa\u011flamak,<\/span><\/li>\r\n<li style=\"font-weight: 400;\" aria-level=\"1\"><span style=\"font-weight: 400;\">\u00d6\u011frencileri s\u00fcrekli ara\u015ft\u0131ran, merak eden, sorgulayan bireyler olmaya te\u015fvik etmek,<\/span><\/li>\r\n<li style=\"font-weight: 400;\" aria-level=\"1\"><span style=\"font-weight: 400;\">Derslerde gerekli teknolojik ara\u00e7 ve gere\u00e7ler kullanarak \u00f6\u011frencilerin ilgisini s\u00fcrekli k\u0131lmak,<\/span><\/li>\r\n<li style=\"font-weight: 400;\" aria-level=\"1\"><span style=\"font-weight: 400;\">\u00d6\u011frencilerin ele\u015ftirel ve yarat\u0131c\u0131 d\u00fc\u015f\u00fcnme becerilerine sahip bireyler olarak yeti\u015fmelerini sa\u011flamak,<\/span><\/li>\r\n<li style=\"font-weight: 400;\" aria-level=\"1\"><span style=\"font-weight: 400;\">\u00c7e\u015fitli yaz\u0131l\u0131 ve g\u00f6rsel kaynaklar kullanarak \u00f6\u011frencilerin ki\u015fisel ve k\u00fclt\u00fcrel geli\u015fimlerini desteklemek,<\/span><\/li>\r\n<li style=\"font-weight: 400;\" aria-level=\"1\"><span style=\"font-weight: 400;\">\u00d6\u011frencilere ba\u011f\u0131ms\u0131z okuma al\u0131\u015fkanl\u0131\u011f\u0131 a\u015f\u0131lamak ve bu al\u0131\u015fkanl\u0131\u011f\u0131 bir ya\u015fam tarz\u0131 olarak i\u00e7selle\u015ftirmelerini sa\u011flamak,<\/span><\/li>\r\n<li style=\"font-weight: 400;\" aria-level=\"1\"><span style=\"font-weight: 400;\">\u00d6\u011frencilerin yarat\u0131c\u0131l\u0131klar\u0131n\u0131 sergileyebilecekleri ortamlar haz\u0131rlamak,<\/span><\/li>\r\n<li style=\"font-weight: 400;\" aria-level=\"1\"><span style=\"font-weight: 400;\">\u00c7e\u015fitli yaz\u0131l\u0131 metinleri okuyarak analizler yapabilmelerini sa\u011flamak,<\/span><\/li>\r\n<li style=\"font-weight: 400;\" aria-level=\"1\"><span style=\"font-weight: 400;\">\u00d6\u011frencileri, seviyelerine uygun uluslararas\u0131 ge\u00e7erlili\u011fi olan<\/span><b> \u201cCambridge S\u0131navlar\u0131<\/b><span style=\"font-weight: 400;\">\u201dna girmeleri i\u00e7in te\u015fvik etmek, bu s\u0131navlara haz\u0131rlamak ve bu s\u0131navlarda yeterliliklerini sa\u011flamakt\u0131r.<\/span><\/li>\r\n<\/ul>\r\n","protected":false},"excerpt":{"rendered":"<p>Irmak Ortaokulunda \u0130ngilizce program\u0131n\u0131n amac\u0131; \u00f6\u011frencilerin ileti\u015fim becerilerini dinleme, konu\u015fma, okuma ve yazma becerileri ile donat\u0131lm\u0131\u015f bir m\u00fcfredat arac\u0131l\u0131\u011f\u0131 ile en \u00fcst d\u00fczeye \u00e7\u0131karmakt\u0131r. \u00d6\u011frencilerin; kendi k\u00fclt\u00fcrlerinin yan\u0131 s\u0131ra farkl\u0131 k\u00fclt\u00fcrleri tan\u0131y\u0131p anlayan, ulusal ve uluslararas\u0131 bilince sahip, ba\u011f\u0131ms\u0131z, \u00f6z g\u00fcveni y\u00fcksek bireyler olmalar\u0131, insan do\u011fas\u0131 hakk\u0131nda daha derinlikli bir anlay\u0131\u015f geli\u015ftirmeleri ve ele\u015ftirel d\u00fc\u015f\u00fcnce [&hellip;]<\/p>\n","protected":false},"author":1,"featured_media":0,"parent":0,"menu_order":0,"comment_status":"closed","ping_status":"closed","template":"","meta":{"footnotes":""},"class_list":["post-11262","page","type-page","status-publish","hentry"],"_links":{"self":[{"href":"https:\/\/irmak.k12.tr\/middle\/wp-json\/wp\/v2\/pages\/11262","targetHints":{"allow":["GET"]}}],"collection":[{"href":"https:\/\/irmak.k12.tr\/middle\/wp-json\/wp\/v2\/pages"}],"about":[{"href":"https:\/\/irmak.k12.tr\/middle\/wp-json\/wp\/v2\/types\/page"}],"author":[{"embeddable":true,"href":"https:\/\/irmak.k12.tr\/middle\/wp-json\/wp\/v2\/users\/1"}],"replies":[{"embeddable":true,"href":"https:\/\/irmak.k12.tr\/middle\/wp-json\/wp\/v2\/comments?post=11262"}],"version-history":[{"count":1,"href":"https:\/\/irmak.k12.tr\/middle\/wp-json\/wp\/v2\/pages\/11262\/revisions"}],"predecessor-version":[{"id":13209,"href":"https:\/\/irmak.k12.tr\/middle\/wp-json\/wp\/v2\/pages\/11262\/revisions\/13209"}],"wp:attachment":[{"href":"https:\/\/irmak.k12.tr\/middle\/wp-json\/wp\/v2\/media?parent=11262"}],"curies":[{"name":"wp","href":"https:\/\/api.w.org\/{rel}","templated":true}]}}