{"id":11557,"date":"2023-02-14T21:29:26","date_gmt":"2023-02-14T18:29:26","guid":{"rendered":"https:\/\/irmak.k12.tr\/kindergarten\/?page_id=11557"},"modified":"2025-10-20T11:40:52","modified_gmt":"2025-10-20T08:40:52","slug":"olcme-degerlendirme","status":"publish","type":"page","link":"https:\/\/irmak.k12.tr\/kindergarten\/olcme-degerlendirme\/","title":{"rendered":"\u00d6l\u00e7me De\u011ferlendirme"},"content":{"rendered":"\r\n<p>Okulumuzda, \u00e7ocuklar\u0131m\u0131z\u0131n geli\u015fimlerini takip edebilmek ve onlar\u0131 bu anlamda en \u00fcst seviyede destekleyebilmek amac\u0131yla ya\u015f seviyelerine uygun olarak en az 4 ve en fazla 6 olacak \u015fekilde \u0130lk Y\u0131llar Program\u0131 &#8211; PYP geli\u015fim raporlar\u0131 haz\u0131rlan\u0131r ve velilere gerekli bilgilendirmeler yaz\u0131l\u0131 olarak yap\u0131l\u0131r. Karnelerimiz her d\u00f6nemin sonunda velilerimizle payla\u015f\u0131l\u0131r, \u00f6\u011frencilerimizin kendi kendilerini de\u011ferlendirdi\u011fi portfolyo sunum g\u00fcnleri yap\u0131l\u0131r.<\/p>\r\n","protected":false},"excerpt":{"rendered":"<p>Okulumuzda, \u00e7ocuklar\u0131m\u0131z\u0131n geli\u015fimlerini takip edebilmek ve onlar\u0131 bu anlamda en \u00fcst seviyede destekleyebilmek amac\u0131yla ya\u015f seviyelerine uygun olarak en az 4 ve en fazla 6 olacak \u015fekilde \u0130lk Y\u0131llar Program\u0131 &#8211; PYP geli\u015fim raporlar\u0131 haz\u0131rlan\u0131r ve velilere gerekli bilgilendirmeler yaz\u0131l\u0131 olarak yap\u0131l\u0131r. Karnelerimiz her d\u00f6nemin sonunda velilerimizle payla\u015f\u0131l\u0131r, \u00f6\u011frencilerimizin kendi kendilerini de\u011ferlendirdi\u011fi portfolyo sunum g\u00fcnleri [&hellip;]<\/p>\n","protected":false},"author":1,"featured_media":0,"parent":0,"menu_order":0,"comment_status":"closed","ping_status":"closed","template":"","meta":{"footnotes":""},"class_list":["post-11557","page","type-page","status-publish","hentry"],"_links":{"self":[{"href":"https:\/\/irmak.k12.tr\/kindergarten\/wp-json\/wp\/v2\/pages\/11557","targetHints":{"allow":["GET"]}}],"collection":[{"href":"https:\/\/irmak.k12.tr\/kindergarten\/wp-json\/wp\/v2\/pages"}],"about":[{"href":"https:\/\/irmak.k12.tr\/kindergarten\/wp-json\/wp\/v2\/types\/page"}],"author":[{"embeddable":true,"href":"https:\/\/irmak.k12.tr\/kindergarten\/wp-json\/wp\/v2\/users\/1"}],"replies":[{"embeddable":true,"href":"https:\/\/irmak.k12.tr\/kindergarten\/wp-json\/wp\/v2\/comments?post=11557"}],"version-history":[{"count":1,"href":"https:\/\/irmak.k12.tr\/kindergarten\/wp-json\/wp\/v2\/pages\/11557\/revisions"}],"predecessor-version":[{"id":13007,"href":"https:\/\/irmak.k12.tr\/kindergarten\/wp-json\/wp\/v2\/pages\/11557\/revisions\/13007"}],"wp:attachment":[{"href":"https:\/\/irmak.k12.tr\/kindergarten\/wp-json\/wp\/v2\/media?parent=11557"}],"curies":[{"name":"wp","href":"https:\/\/api.w.org\/{rel}","templated":true}]}}