{"id":11413,"date":"2023-02-19T16:05:35","date_gmt":"2023-02-19T13:05:35","guid":{"rendered":"https:\/\/irmak.k12.tr\/high\/?page_id=11413"},"modified":"2024-03-07T08:39:30","modified_gmt":"2024-03-07T05:39:30","slug":"olcme-degerlendirme","status":"publish","type":"page","link":"https:\/\/irmak.k12.tr\/high\/olcme-degerlendirme\/","title":{"rendered":"\u00d6l\u00e7me De\u011ferlendirme"},"content":{"rendered":"\n<p>\u00d6\u011frencinin ba\u015far\u0131s\u0131, \u00f6\u011fretim program\u0131 esas al\u0131narak dersin \u00f6zelli\u011fine g\u00f6re yaz\u0131l\u0131, s\u00f6zl\u00fc, uygulamal\u0131 s\u0131nav, \u00f6dev ve projeler ile ders i\u00e7i ve ders d\u0131\u015f\u0131 e\u011fitim \u2013 \u00f6\u011fretim faaliyetleri de\u011ferlendirilerek tespit edilir.<br>\u00d6\u011fretmenler, s\u00f6z konusu faaliyetlerle \u00f6\u011frencinin programlarda ama\u00e7lanan bilgi ve beceriyi kazan\u0131p kazanmad\u0131\u011f\u0131n\u0131 s\u00fcrekli olarak takip eder ve de\u011ferlendirir. S\u0131navlar klasik t\u00fcrde yap\u0131labilece\u011fi gibi \u00e7oktan se\u00e7meli, e\u015fle\u015ftirmeli, k\u0131sa cevapl\u0131, a\u00e7\u0131k u\u00e7lu, do\u011fru \/ yanl\u0131\u015f, tamamlamal\u0131 sorulardan olu\u015fabilir. S\u0131navlar; s\u0131nav haftas\u0131nda ortak s\u0131nav olarak uygulan\u0131r. Bir d\u00f6nemde \u00f6\u011frencilere her dersten en az bir s\u00f6zl\u00fc puan verilmesi esast\u0131r. S\u00f6zl\u00fc puan\u0131; \u00f6\u011frencilerin sosyal etkinliklerdeki \u00e7al\u0131\u015fmalar\u0131; derse haz\u0131rl\u0131klar\u0131, kat\u0131l\u0131mlar\u0131, ders i\u00e7indeki etkinlikleri ve dersle ilgili ara\u015ft\u0131rma ve proje \u00e7al\u0131\u015fmalar\u0131 de\u011ferlendirilerek verilir. YGS ve LYS\u2019ye haz\u0131rl\u0131k yapmak \u00fczere akademik birimlerle i\u015fbirli\u011fi i\u00e7inde yaprak testler ve deneme s\u0131navlar\u0131 uygulan\u0131r.<\/p>\n\n\n\n<p><br>S\u0131navlar\u0131n sonu\u00e7lar\u0131n\u0131 takip etmek ve okulla i\u015fbirli\u011fi yapmak, \u00f6\u011frenci ve velilerimizin temel sorumlulu\u011fu olarak de\u011ferlendirilmektedir.<\/p>\n\n\n\n<p><br>S\u0131nav sonu\u00e7lar\u0131na g\u00f6re \u00f6\u011frencilerimizin ba\u015far\u0131l\u0131 olduklar\u0131 alanlar\u0131n belirtildi\u011fi, tamamlamalar\u0131 gereken kazan\u0131mlar\u0131n yer ald\u0131\u011f\u0131 s\u0131nav sonu\u00e7 analizleri, web sayfam\u0131zdan takip edilebilir. S\u0131nav sonu\u00e7lar\u0131, s\u0131nav\u0131n yap\u0131ld\u0131\u011f\u0131 g\u00fcn\u00fc takip eden yedinci g\u00fcn sistemde yer almaktad\u0131r.&nbsp;<br><br><strong>Durum De\u011ferlendirme S\u0131navlar\u0131<\/strong><br><br>\u00d6zel Irmak Lisesinde, \u00f6\u011frencilerin akademik s\u00fcre\u00e7lerinin takibi kazan\u0131m \u00f6l\u00e7\u00fcm\u00fcne dayanmaktad\u0131r. Her \u00fcnitenin sonunda \u00f6\u011frencilerimizin kazan\u0131mlar\u0131n\u0131n \u00f6l\u00e7\u00fcld\u00fc\u011f\u00fc test s\u0131navlar\u0131 uygulan\u0131r ve geli\u015ftirilmesi gereken alanlar belirlenerek kazan\u0131m peki\u015ftirme ve test y\u00f6ntemi geli\u015ftirme \u00e7al\u0131\u015fmalar\u0131 yap\u0131l\u0131r. D\u00f6nemin son s\u0131nav\u0131, \u201cDurum De\u011ferlendirme S\u0131nav\u0131\u201d niteli\u011finde uygulan\u0131r. Bu uygulama arac\u0131l\u0131\u011f\u0131yla \u00f6\u011frencilerimizin \u00f6\u011frenme alanlar\u0131, s\u00fcre\u00e7 ve sonu\u00e7 de\u011ferlendirmeleri ile \u00f6l\u00e7\u00fcl\u00fcr.<br><br><strong>Akademik Ba\u015far\u0131n\u0131n De\u011ferlendirilmesi<\/strong><br><br>S\u0131navlar, \u00f6devler ve projeler 100 tam puan \u00fczerinden de\u011ferlendirilir. Puanlar\u0131n not de\u011feri ve derecesi a\u015fa\u011f\u0131daki gibidir:<br>&nbsp;<\/p>\n\n\n\n<figure class=\"wp-block-table\"><table><tbody><tr><td>PUAN<\/td><td>DERECE<\/td><\/tr><tr><td>85,00 \u2013 100<\/td><td>Pekiyi<\/td><\/tr><tr><td>70,00 \u2013 84,99<\/td><td>\u0130yi<\/td><\/tr><tr><td>60,00&nbsp;\u2013 69,99<\/td><td>Orta<\/td><\/tr><tr><td>50,00&nbsp;\u2013 59,99<\/td><td>Ge\u00e7er<\/td><\/tr><tr><td>0&nbsp;\u2013 49,99<\/td><td>Ge\u00e7mez<\/td><\/tr><\/tbody><\/table><\/figure>\n\n\n\n<p><br><br><strong>Veli &#8211; \u00d6\u011fretmen Payla\u015f\u0131m G\u00fcnleri<\/strong><br><br>Y\u0131lda iki kez \u00f6\u011frencilerin genel geli\u015fimlerinin payla\u015f\u0131ld\u0131\u011f\u0131 veli- \u00f6\u011frenci-\u00f6\u011fretmen toplant\u0131lar\u0131 yap\u0131l\u0131r. Bu toplant\u0131larda \u00f6\u011frencilerin her alandaki geli\u015fmeleri veli ve \u00f6\u011frencilerimizle payla\u015f\u0131l\u0131r, \u00f6neriler sunulur. Gereksinim duyuldu\u011funda \u00f6\u011fretmenlerin g\u00f6r\u00fc\u015fme g\u00fcnlerinde, web sitemizde yer alan randevu alma sisteminden randevu al\u0131narak g\u00f6r\u00fc\u015fmeler yap\u0131l\u0131r. Veli &#8211; \u00f6\u011fretmen g\u00f6r\u00fc\u015fmeleri, karne tarihinden bir hafta \u00f6nce tamamlan\u0131r.<\/p>\n","protected":false},"excerpt":{"rendered":"<p>\u00d6\u011frencinin ba\u015far\u0131s\u0131, \u00f6\u011fretim program\u0131 esas al\u0131narak dersin \u00f6zelli\u011fine g\u00f6re yaz\u0131l\u0131, s\u00f6zl\u00fc, uygulamal\u0131 s\u0131nav, \u00f6dev ve projeler ile ders i\u00e7i ve ders d\u0131\u015f\u0131 e\u011fitim \u2013 \u00f6\u011fretim faaliyetleri de\u011ferlendirilerek tespit edilir.\u00d6\u011fretmenler, s\u00f6z konusu faaliyetlerle \u00f6\u011frencinin programlarda ama\u00e7lanan bilgi ve beceriyi kazan\u0131p kazanmad\u0131\u011f\u0131n\u0131 s\u00fcrekli olarak takip eder ve de\u011ferlendirir. S\u0131navlar klasik t\u00fcrde yap\u0131labilece\u011fi gibi \u00e7oktan se\u00e7meli, e\u015fle\u015ftirmeli, k\u0131sa [&hellip;]<\/p>\n","protected":false},"author":1,"featured_media":0,"parent":0,"menu_order":0,"comment_status":"closed","ping_status":"closed","template":"","meta":{"footnotes":""},"class_list":["post-11413","page","type-page","status-publish","hentry"],"_links":{"self":[{"href":"https:\/\/irmak.k12.tr\/high\/wp-json\/wp\/v2\/pages\/11413","targetHints":{"allow":["GET"]}}],"collection":[{"href":"https:\/\/irmak.k12.tr\/high\/wp-json\/wp\/v2\/pages"}],"about":[{"href":"https:\/\/irmak.k12.tr\/high\/wp-json\/wp\/v2\/types\/page"}],"author":[{"embeddable":true,"href":"https:\/\/irmak.k12.tr\/high\/wp-json\/wp\/v2\/users\/1"}],"replies":[{"embeddable":true,"href":"https:\/\/irmak.k12.tr\/high\/wp-json\/wp\/v2\/comments?post=11413"}],"version-history":[{"count":1,"href":"https:\/\/irmak.k12.tr\/high\/wp-json\/wp\/v2\/pages\/11413\/revisions"}],"predecessor-version":[{"id":13657,"href":"https:\/\/irmak.k12.tr\/high\/wp-json\/wp\/v2\/pages\/11413\/revisions\/13657"}],"wp:attachment":[{"href":"https:\/\/irmak.k12.tr\/high\/wp-json\/wp\/v2\/media?parent=11413"}],"curies":[{"name":"wp","href":"https:\/\/api.w.org\/{rel}","templated":true}]}}