{"id":11402,"date":"2023-02-19T15:48:41","date_gmt":"2023-02-19T12:48:41","guid":{"rendered":"https:\/\/irmak.k12.tr\/high\/?page_id=11402"},"modified":"2023-12-08T12:55:48","modified_gmt":"2023-12-08T09:55:48","slug":"muzik-ve-enstruman-egitimi","status":"publish","type":"page","link":"https:\/\/irmak.k12.tr\/high\/muzik-ve-enstruman-egitimi\/","title":{"rendered":"M\u00fczik ve Enstr\u00fcman E\u011fitimi"},"content":{"rendered":"\n<p><strong>AMA\u00c7LARIMIZ<\/strong><\/p>\n\n\n\n<p>\u201d\u0130yi bir m\u00fczik e\u011fitimi alan ve m\u00fczi\u011fi seven \u00e7ocuk ya\u015fam\u0131 sever, estetik zenginli\u011fi ile fark yarat\u0131r\u201d d\u00fc\u015f\u00fcncesiyle \u00f6\u011frencilerimizin, duygu ve d\u00fc\u015f\u00fcncelerini ifade etmede evrensel bir dil olan m\u00fczi\u011fi kullanarak farkl\u0131 k\u00fclt\u00fcrlerle ileti\u015fim kurmalar\u0131, ilgi ve yetenekleri do\u011frultusunda edindi\u011fi bilgi ve becerileri farkl\u0131 sosyal ortamlarda payla\u015fmalar\u0131 hedeflenmektedir.<\/p>\n\n\n\n<p>Irmak Okullar\u0131nda, \u00f6\u011frencilerimize m\u00fczi\u011fi ve m\u00fczik bilimini \u00f6\u011fretmek, \u00f6\u011frencilerimizi ilgi ve yetenekleri do\u011frultusunda geli\u015ftirmek ve m\u00fczik yoluyla \u00f6\u011frenmekten keyif alan bireyler yeti\u015ftirmek ba\u015fl\u0131ca hedeflerimizden biridir.<\/p>\n\n\n\n<p>Irmak Okullar\u0131 M\u00fczik e\u011fitimi ama\u00e7lar\u0131n\u0131 \u015fu \u015fekilde s\u0131ralayabiliriz:<\/p>\n\n\n\n<p>\u2022 M\u00fczi\u011fin evrensel bir dil oldu\u011funu kavratmak,<\/p>\n\n\n\n<p>\u2022 K\u00fclt\u00fcrler aras\u0131 ileti\u015fimde m\u00fczi\u011fin rol\u00fcn\u00fc ve \u00f6nemini kavratmak,<\/p>\n\n\n\n<p>\u2022 Bilgi toplumunun gerektirdi\u011fi bilgi okuryazarl\u0131\u011f\u0131 becerilerine sahip, \u00fcretken bireyler yeti\u015ftirmek,<\/p>\n\n\n\n<p>\u2022 M\u00fczi\u011fi ve m\u00fczik dilini merak eden bireyler yeti\u015ftirmek,<\/p>\n\n\n\n<p>\u2022 \u00d6\u011frencileri m\u00fczikle ya\u015fama haz\u0131rlamak,<\/p>\n\n\n\n<p>\u2022 \u00d6\u011frencinin yeni teknolojileri kullanabilmesine ve \u00fcretebilmesine olanak sa\u011flayacak akademik bilgiye sahip olmalar\u0131n\u0131 sa\u011flamak,<\/p>\n\n\n\n<p>\u2022 \u00c7evreyi, do\u011fay\u0131, ya\u015fam\u0131, duygu ve d\u00fc\u015f\u00fcnceleri m\u00fczikle anlatabilmeyi sa\u011flamak,<\/p>\n\n\n\n<p>\u2022 \u0130lgi ve yetenekleri do\u011frultusunda \u00f6\u011frencileri yeti\u015ftirmek ve geli\u015ftirmek,<\/p>\n\n\n\n<p>\u2022 Ele\u015ftirel bir be\u011feni geli\u015ftirmek,<\/p>\n\n\n\n<p>\u2022 Kulak, ses ve \u00e7alg\u0131 e\u011fitimi ile genel ve \u00f6zel m\u00fczik yetene\u011fini ke\u015ffetmek, ortaya \u00e7\u0131karmak ve i\u015flemek .<\/p>\n\n\n\n<p><strong>GENEL HATLARI \u0130LE M\u00dcFREDATIMIZ<\/strong><\/p>\n\n\n\n<p>Okulumuzun vizyonu gere\u011fi akademik ba\u015far\u0131s\u0131 y\u00fcksek \u00f6\u011frenciler yeti\u015ftirmenin yan\u0131nda ayn\u0131 zamanda \u201cbilgi ve yeteneklerini kullanan\u201d \u00f6\u011frenciler yeti\u015ftirmek b\u00f6l\u00fcm hedeflerimizin birinci s\u0131ras\u0131nda yer almaktad\u0131r. Bu ba\u011flamda Irmak Okullar\u0131 m\u00fczik b\u00f6l\u00fcm\u00fc olarak anaokullar\u0131ndan lise e\u011fitimine kadar \u00f6\u011frencilerimizin ilk \u00f6nce iyi birer m\u00fczik dinleyicisi olmas\u0131n\u0131, okulumuzun sanat anlay\u0131\u015f\u0131 do\u011frultusunda m\u00fczik derslerinde alm\u0131\u015f olduklar\u0131 e\u011fitimlerle ya\u015flar\u0131 ilerledik\u00e7e de bir m\u00fczik be\u011fenisi ve enstr\u00fcman becerisi kazanmalar\u0131, girdikleri sosyal alanlarda m\u00fczik \u00fczerine duygu ve d\u00fc\u015f\u00fcncelerini gerek bilgi ve gerekse beceri bak\u0131m\u0131ndan m\u00fczikal bir dille ifade edebilmelerini \u00f6nemsemekteyiz.<\/p>\n\n\n\n<p>Ana s\u0131n\u0131f\u0131ndan d\u00f6rd\u00fcnc\u00fc kadar t\u00fcm konular; \u00e7alma, s\u00f6yleme, dinleme ve yaratma becerileri alt\u0131nda sarmal bir yakla\u015f\u0131mla (her y\u0131l benzer konular bir \u00f6ncekine g\u00f6re daha kavramsal ve ayr\u0131nt\u0131l\u0131 olarak) i\u015flenmektedir.<\/p>\n\n\n\n<p>Ana s\u0131n\u0131f\u0131 ve birinci s\u0131n\u0131f \u00f6\u011frencilerimizin, sesleri tan\u0131mlamalar\u0131 ve anlamland\u0131rmalar\u0131, \u00e7evresinde duyduklar\u0131 sesleri, sesiyle\/enstr\u00fcmanlarla taklit edebilmeleri ve okul \u015fark\u0131lar\u0131n\u0131 do\u011fru seslendirmeleri ama\u00e7lanmaktad\u0131r. Bu s\u0131n\u0131flar\u0131m\u0131zda m\u00fczik e\u011fitimi, oyunlarla \u00f6\u011fretilmektedir. Temel m\u00fczik e\u011fitimine, birinci s\u0131n\u0131flar\u0131m\u0131zda ba\u015flanarak \u201cTemel M\u00fczik Yaz\u0131 ve \u00d6geleri\u201d\u2019nin \u00f6\u011fretilmesi ama\u00e7lanmaktad\u0131r. \u00dc\u00e7\u00fcnc\u00fc s\u0131n\u0131flarda uygulamas\u0131na ba\u015flanan bran\u015f e\u011fitimine kadar (enstr\u00fcman e\u011fitimi) birinci s\u0131n\u0131ftan ba\u015flayarak \u00fc\u00e7\u00fcnc\u00fc s\u0131n\u0131fa kadar devam eden \u00fcflemeli bir enstr\u00fcman olan melodika e\u011fitiminde amac\u0131m\u0131z \u00f6ncelikle \u00f6\u011frencilerin diyafram\u0131n\u0131 geli\u015ftirmek, temel enstr\u00fcman olan piyanoya tu\u015fe gere\u011fi ge\u00e7i\u015fi kolayla\u015ft\u0131rmak ve tabii ki nota okur yazarl\u0131\u011f\u0131n\u0131n temelini bu ya\u015flarda edinmesini sa\u011flamakt\u0131r.<\/p>\n\n\n\n<p><strong>Bran\u015f E\u011fitimi<\/strong><\/p>\n\n\n\n<p>Irmak Okullar\u0131 olarak m\u00fczik e\u011fitiminde inand\u0131\u011f\u0131m\u0131z ve destekledi\u011fimiz \u201cHer \u00f6\u011frenci bir enstr\u00fcman \u00e7almal\u0131d\u0131r ve Irmak Okullar\u0131ndan mezun olan her \u00f6\u011frenci en az bir enstr\u00fcman \u00e7alabilir.\u201d ilkesinden yola \u00e7\u0131karak, ilkokul \u00fc\u00e7\u00fcnc\u00fc s\u0131n\u0131ftan itibaren, 4 enstr\u00fcmanla (keman, yan fl\u00fct, gitar ve \u00e7ello) enstr\u00fcman e\u011fitimi ger\u00e7ekle\u015fmektedir. Bran\u015f e\u011fitiminde amac\u0131m\u0131z, \u00f6\u011frencilerimizin enstr\u00fcman bilgilerini artt\u0131rmak, m\u00fczik yoluyla duygu ve d\u00fc\u015f\u00fcncelerini \u00f6\u011frenmi\u015f olduklar\u0131 enstr\u00fcmanla ifade edebilmelerini sa\u011flamak ve farkl\u0131 sosyal alanlarda bireysel olarak veya m\u00fczikal gruplara kat\u0131larak bilgi ve becerilerini payla\u015fmalar\u0131n\u0131 sa\u011flamakt\u0131r.<\/p>\n","protected":false},"excerpt":{"rendered":"<p>AMA\u00c7LARIMIZ \u201d\u0130yi bir m\u00fczik e\u011fitimi alan ve m\u00fczi\u011fi seven \u00e7ocuk ya\u015fam\u0131 sever, estetik zenginli\u011fi ile fark yarat\u0131r\u201d d\u00fc\u015f\u00fcncesiyle \u00f6\u011frencilerimizin, duygu ve d\u00fc\u015f\u00fcncelerini ifade etmede evrensel bir dil olan m\u00fczi\u011fi kullanarak farkl\u0131 k\u00fclt\u00fcrlerle ileti\u015fim kurmalar\u0131, ilgi ve yetenekleri do\u011frultusunda edindi\u011fi bilgi ve becerileri farkl\u0131 sosyal ortamlarda payla\u015fmalar\u0131 hedeflenmektedir. Irmak Okullar\u0131nda, \u00f6\u011frencilerimize m\u00fczi\u011fi ve m\u00fczik bilimini \u00f6\u011fretmek, [&hellip;]<\/p>\n","protected":false},"author":1,"featured_media":0,"parent":0,"menu_order":0,"comment_status":"closed","ping_status":"closed","template":"","meta":{"footnotes":""},"class_list":["post-11402","page","type-page","status-publish","hentry"],"_links":{"self":[{"href":"https:\/\/irmak.k12.tr\/high\/wp-json\/wp\/v2\/pages\/11402","targetHints":{"allow":["GET"]}}],"collection":[{"href":"https:\/\/irmak.k12.tr\/high\/wp-json\/wp\/v2\/pages"}],"about":[{"href":"https:\/\/irmak.k12.tr\/high\/wp-json\/wp\/v2\/types\/page"}],"author":[{"embeddable":true,"href":"https:\/\/irmak.k12.tr\/high\/wp-json\/wp\/v2\/users\/1"}],"replies":[{"embeddable":true,"href":"https:\/\/irmak.k12.tr\/high\/wp-json\/wp\/v2\/comments?post=11402"}],"version-history":[{"count":2,"href":"https:\/\/irmak.k12.tr\/high\/wp-json\/wp\/v2\/pages\/11402\/revisions"}],"predecessor-version":[{"id":12996,"href":"https:\/\/irmak.k12.tr\/high\/wp-json\/wp\/v2\/pages\/11402\/revisions\/12996"}],"wp:attachment":[{"href":"https:\/\/irmak.k12.tr\/high\/wp-json\/wp\/v2\/media?parent=11402"}],"curies":[{"name":"wp","href":"https:\/\/api.w.org\/{rel}","templated":true}]}}